Let f(s) = -s**2 + 11*s - 9. Determine f(y).
19
Let a(x) = x + 34. Let l(c) = -c**3 + 22*c**2 + 136*c - 55. Let d be l(27). What is a(d)?
6
Suppose -4*n - 2*j - 3*j + 30 = 0, 3*n + 2*j = 19. Let m(s) = -s**3 + 5*s**2 + s. Determine m(n).
5
Let k(s) be the second derivative of -s**3/2 + 2*s**2 - s - 48. Let p(v) = -5*v + 4. Let l be p(2). Calculate k(l).
22
Suppose -4*k - 8 = 0, 92 = 5*i + 4*k - 0*k. Suppose 0 = -13*w + i*w. Let f(d) = d**2 - 5. Give f(w).
-5
Suppose -2*y = -4*h, 0*h + 2 = -3*y + 4*h. Let l be (22 + (-6 - y))/1. Let q be ((-1)/3)/((-3)/l). Let s(m) = m**2 - m + 1. Give s(q).
3
Let j = 14 - 10. Let a be 2*((-16)/j)/(-4). Let d(r) = -36 + 17 - 5*r - r**a + 17. Determine d(-4).
2
Let w(p) = -3*p - 43. Let j be w(-16). Let v(i) = i**3 - 7*i**2 + 8*i - 6. Determine v(j).
-16
Let k be (-550)/70 - (-36)/42. Let f(b) = 2*b**3 + b - 5 + 6*b - b**3 - 4*b**2 + 12*b**2. Calculate f(k).
-5
Let m(y) = -y**2 - 11*y - 2. Let t(f) = 2*f**2 + 3*f. Let g(p) = m(p) + t(p). Give g(6).
-14
Let z(i) = 5*i - 4. Let q(u) = 16*u - 12. Let v(s) = -3*q(s) + 10*z(s). Let w = 542 - 538. Calculate v(w).
4
Suppose -2*o + o - 4 = 0, 0 = t + 2*o + 6. Let d(k) = 0*k**t - 612*k + 2*k**3 + 615*k - 2*k**2. Calculate d(2).
14
Suppose -11*t = -4*t + 14. Let h(g) = 5*g - 1. Determine h(t).
-11
Suppose -4*v + 6 = -2*v - c, -4*c = v - 12. Let p(d) = -5*d**2 + 19*d + 2. Let r(q) = q**2 - 4*q. Let w(b) = -2*p(b) - 11*r(b). Give w(v).
4
Suppose -2*i = -6 + 20. Let l(k) be the third derivative of 36*k**2 - 1/6*k**3 - 1/60*k**5 + 0 + 0*k - 1/3*k**4. Determine l(i).
6
Let h(r) = -r - 1. Suppose -p = -3*n + 11, -p - 7 = 4*n + 2*p. Suppose 4*m + 4 = n*i, -3*i - i = 0. Calculate h(m).
0
Let d(k) = k**3 - 10*k**2 - 39*k + 2. Let g be d(13). Let h(w) be the third derivative of 1/3*w**3 + 0*w - 1/12*w**4 + 0 + 6*w**g. What is h(3)?
-4
Let o(d) be the second derivative of -2*d**2 - 1/6*d**3 + 0 + d. Let r be o(-10). Let g(h) = h - 8. Determine g(r).
-2
Let a(y) = -y**2 - 14*y + 7. Let o(c) = c**2 + 17*c - 7. Let v(b) = -3*a(b) - 2*o(b). What is v(-7)?
-14
Let u(v) = 8*v - 5 - 2322*v**2 + 1154*v**2 + 1167*v**2. Let n be ((-1)/(-3) + 1)*6. What is u(n)?
-5
Let h(y) = -37*y + 18. Let i(u) = -3*u - 4*u + 180 - 6*u - 174. Let q(g) = 6*h(g) - 17*i(g). What is q(4)?
2
Let o(p) = -351*p + 4 + p**2 + 359*p - 7. Give o(-7).
-10
Let g(y) = -4*y + 3*y + 2*y + 0 + 2. Let q be g(0). Let n(t) = t + 2 - 2 + t**3 - 5*t + 5*t**q. Calculate n(-6).
-12
Let g(r) = 5*r**3 - 20*r**2 - 27*r - 35. Let h(q) = 14*q**3 - 60*q**2 - 80*q - 105. Let b(f) = 17*g(f) - 6*h(f). What is b(-19)?
-3
Let u be 1/(-4) + 9/4. Let m(j) = 2*j + j**2 + u*j - 3*j + 2. Suppose -2*a - a + 21 = 3*v, 4*a = -8*v + 36. Give m(v).
8
Suppose 5*o + 15 = -j, -3*j + 3*o - 3 = -12. Let k(s) = -28 - 7*s - 2*s**3 + 42 + s**3 + 6*s + 2*s**3. Determine k(j).
14
Let y(v) = v**3 - v**2 + 1. Let s(h) = 3*h**3 - 6*h**2 + 2*h + 1. Let b(q) = s(q) - 2*y(q). Let l be b(3). Let x(u) = u**3 + 5*u**2 + 5*u + 3. Calculate x(l).
-1
Suppose 0 = -t - 3*t. Let u(d) = 12 - d + t*d + 3. What is u(0)?
15
Let l(x) = 30*x**2 + 2*x + 1. Let k = -226 - -225. Calculate l(k).
29
Let i(p) = -4*p**2 - 18*p - 1. Let g(q) = -7*q**2 - 28*q - 2. Let k(t) = -5*g(t) + 8*i(t). Give k(2).
6
Let l = 9 + -9. Suppose -3*t = -8*a + 3*a - 34, -2*t + 5*a + 31 = 0. Let h(r) = l*r - 3*r + t*r - 3*r. Calculate h(1).
-3
Let x(m) be the third derivative of m**5/20 + 37*m**4/24 + m**3 + 747*m**2. What is x(-12)?
-6
Let m be (-1)/3 + (-5)/(-15). Suppose 2*g - 9 = 4*v + 7, m = -5*g - v + 18. Let r(i) = 4*i**2 - 3*i**2 + g*i + 2 + 2*i**2 - i**2. Give r(-2).
2
Let i(q) = -3*q**3 - 5*q**2 + 7. Let v(b) = 4*b**3 + 6*b**2 - 7. Let z(g) = -5*i(g) - 4*v(g). Let m(y) be the first derivative of z(y). Give m(2).
-8
Let a(q) = -2*q - 15. Suppose 0*g - 5*g + 11 = 3*n, -5*n = -4*g + 31. Let b(u) = -u - 8. Let p(l) = n*a(l) + 5*b(l). What is p(-8)?
-3
Suppose -5*d - 6 + 11 = 0. Let v(p) = -6*p - 3 + d + 2. Calculate v(-1).
6
Let z(x) = -x**3 + 8*x**2 - 12*x + 2. Let f be z(6). Let r(t) = 6*t**2 - t - 2. Let g be r(-1). Let h(q) = -3 + g + 18*q - 14*q - 3. Calculate h(f).
7
Let i(f) be the first derivative of 2*f**2 - 17*f + 177. Calculate i(4).
-1
Let f(i) be the first derivative of -3*i**2/2 + 2*i - 75. Calculate f(11).
-31
Let a(b) be the third derivative of b**4/12 + 11*b**3/6 + 6*b**2 - 5. Give a(-10).
-9
Let s be -36*((-64)/12 + 4). Let j(c) = 92 - 40 - s - c. Give j(9).
-5
Let o(a) = -a - 57 + 102 + 6*a**2 - 47. Calculate o(-1).
5
Let v = 49 + -36. Let w(c) = 35 - 2*c**3 - v - c - 2*c**2 - 23. Let m be (-1)/(-4) + (-9)/4. Determine w(m).
9
Let d(n) = -2*n**3 - 27*n**2 + 4*n**2 + 2 + 8*n + 11*n**2 - 5*n**2. What is d(-9)?
11
Let d(l) = -117*l**2 + l + l**3 + 63*l**2 - 3 - 6*l + 45*l**2. What is d(9)?
-48
Let q(x) = -x**2 - 6*x - 5. Let m(o) = 2*o**2 - 5*o. Let r be m(4). Let i(g) = -2*g + 18. Let h be i(r). Give q(h).
-5
Let h(q) = 3*q + 1. Let c be h(-13). Let a be (4/(-6))/(c/(-57)). Let z(r) = 4*r**3. What is z(a)?
-4
Let r be (-4)/(-28) + (-20)/(-7). Let m(b) = 0*b**2 - r*b + 1 - 3*b + 2*b + b**2 + b**3. Give m(-3).
-5
Let k = 33 - 30. Let b be 0/(k*-1)*(9 + -8). Let l(f) = -f - 11. Determine l(b).
-11
Let g(w) be the third derivative of w**4/24 - w**3/2 - 2*w**2 + w. Give g(6).
3
Suppose -38 = 24*s - 110. Let z(n) be the second derivative of 1/2*n**s - n**2 + 4*n + 0. Give z(3).
7
Let r = 6 + -1. Let l(n) = -n**2 - 27*n + 32*n - 4*n**2 + 4*n**2. Let m be l(r). Let a(x) = x**3 - x**2. Determine a(m).
0
Suppose 0 = 3*a - 0*a + 84. Let z = -13 - a. Let q be z/(-10)*(-1 - -3). Let f(l) = l**2 + 4*l - 1. Give f(q).
-4
Let q(n) = 2*n - 10. Suppose -72*f + 65*f + 49 = 0. What is q(f)?
4
Let d(r) = -r**3 - r**2 + 4*r - 5. Suppose 11*s + 36 = 5*s. Let n be (6/s)/(1/4). Give d(n).
27
Let b(c) = -2*c**3 + 2*c + 13. Let a(r) = -3*r**3 + 3*r + 14. Let z(l) = 3*a(l) - 4*b(l). Suppose -9 = 3*n + 3*q, -3*q = -2*n + 10 - 1. Calculate z(n).
-10
Let g(z) = -24*z - 1. Let i(n) = 28*n + 1. Let o(w) = 6*g(w) + 5*i(w). Give o(5).
-21
Suppose -3*r = 7*r + 80. Let b(t) = -t**3 - 7*t**2 + 7*t - 3. Determine b(r).
5
Let i = 9 + -3. Let s(z) = -2*z**2 + 8*z**2 - 2*z**2 - 2 + 5*z - 5*z**2. Give s(i).
-8
Let a(t) = t**2 + 3*t. Suppose -2*q + 12 - 4 = 5*u, -q = -4*u + 22. Let w = -10 - q. Calculate a(w).
4
Suppose 3*i + 0 - 12 = 0. Let s(r) = r**2 - i*r + 2 - 3 - r. Suppose -2*h + 0 = -8. Calculate s(h).
-5
Let k(h) = -h**2 - h + 7. Suppose 15*n - 11 + 86 = 0. Determine k(n).
-13
Let k(i) = -i**3 + i**2 - i - 1. Let s be 10/40 - 3/12. Give k(s).
-1
Let d(x) = 2*x**3 - 7*x**2 + 5*x - 4. Let l be d(4). Let y(t) = -6*t - 2 + l*t**2 - 33*t**2 + 14*t. What is y(8)?
-2
Let v(y) be the second derivative of -1/2*y**3 + 2*y + 0 + 3/2*y**2. Let p(m) = -3*m**2 - 112*m + 112. Let r be p(1). Give v(r).
12
Let u(j) = -2*j - 37. Suppose 16*p + 32 = 14*p. Give u(p).
-5
Let g(f) = -f**2 + 6*f + 3. Let t be (-56)/(4 - 8) + 0. Let j = t - 7. Determine g(j).
-4
Suppose 6 = -r + 3*r - 3*z, -r - 3*z - 15 = 0. Let s be 12*2/12*r. Let f(g) = g**3 + 7*g**2 + 5*g + 3. What is f(s)?
9
Let f(y) = -6*y + 33*y - 8*y - 11*y - 7*y - 12. Calculate f(-9).
-21
Let x be ((-32)/(-40))/(4/30). Let u(w) = -w**2 + 7*w. Give u(x).
6
Let h(u) = -u**2 - 12*u - 4. Let g be h(-11). Suppose -11*t + 24 = -g*t. Let m(f) = -f + 2. What is m(t)?
-4
Let m = -83 + 78. Let o(i) = -i**3 - 6*i**2 - 4*i + 4. Calculate o(m).
-1
Let n(q) = -75 + 28 + 25 + 26 + 2*q. What is n(3)?
10
Let a(i) = i**3 + 13*i**2 + 12*i + 8. Let d(t) = t**3 + 11*t**2 + 11*t + 8. Let w(o) = 2*a(o) - 3*d(o). Calculate w(-6).
10
Let r = 950 - 957. Let k(s) = 2*s**2 + 14*s + 5. Determine k(r).
5
Suppose -4*r - 7*z + 5*z = -10, -3*z + 9 = 3*r. Let s(d) = 4*d**2 - d + 3. Calculate s(r).
17
Let b(i) be the third derivative of i**6/120 + i**5/60 - i**4/8 + i**3/3 - i**2. Suppose 2*o = -3*t - 2*o - 29, t + 3*o = -18. Give b(t).
-7
Let p(c) = 12*c + 3. Let n(y) = -2*y - 1. Let o(b) = -4*n(b) - p(b). Give o(-3).
13
Let z(a) be the second derivative of -a**4/12 - 2*a**3/3 - 9*a**2/2 - 156*a. Calculate z(-4).
-9
Let l(u) = -8*u**2 + 4*u - 9. Let k(p) = -11*p**2 + 3*p - 10. Let y(d) = -3*k(d) + 4*l(d). Determine y(-9).
12
Let o(h) = -h**2. Let k(j) = -5*j**2 + 4*j. Let c = -2 + -12. Let s = -10 - c. Let r(l) = s*